t is the greatest common factor of q and x?
18
Let w = 35 - 15. Let v(f) = f + 2. Let r be v(3). Let g(n) = 21*n - 5. Let y be g(r). Calculate the highest common factor of y and w.
20
Let c be (-3)/6*-1*4. Suppose -c*d - 15 = -3*d. Let j be (144/15)/(2/d). What is the highest common factor of 8 and j?
8
Suppose -4*m + 6*o = o - 9, -4 = -3*m + o. Calculate the greatest common divisor of 1 and m.
1
Let u be 1/(-1)*-1 - -4. Let i(s) = -s**2 - 5*s + 4. Let l be i(-5). Suppose -l*g = 1 + 3, -u*a = -2*g - 182. What is the highest common factor of 9 and a?
9
Let q = 130 + -126. Let b be 0/(-1) + 56/2. Calculate the greatest common factor of b and q.
4
Let j(n) be the second derivative of n**4/12 - n**3 - 3*n**2/2 - 2*n. Let u be j(7). Let q be u + 5/(15/6). What is the highest common divisor of q and 6?
6
Suppose 3*l = 7*l + 8. Let w be (-3 - l) + 1 + 120. What is the greatest common factor of w and 12?
12
Suppose 4*d - d - 2*p = 271, 4*d - 5*p - 359 = 0. What is the highest common divisor of 13 and d?
13
Let k(t) = 3*t + 2. Let x(o) = o**3 + o + 4. Let a be x(0). Let z be k(a). Calculate the highest common factor of 7 and z.
7
Let s be 7 - (1 + 6/(-3)). Let q be s - (-3 - -2)/(-1). Suppose -359 + 44 = -5*y. What is the highest common factor of q and y?
7
Let b = 18 + -3. Calculate the greatest common factor of 12 and b.
3
Let z = 22 + 86. Calculate the greatest common divisor of 36 and z.
36
Let u be 3/18 - (-166)/12. Suppose -2*f + 280 = 3*f. Calculate the greatest common factor of f and u.
14
Let s = 335 - 209. Suppose 0 = 2*k - 0*k - s. Calculate the greatest common divisor of k and 9.
9
Suppose -6*k + k - b + 176 = 0, -164 = -4*k + 5*b. Let d = 35 + -23. What is the highest common divisor of d and k?
12
Suppose -87 - 113 = -4*s. Calculate the greatest common divisor of 5 and s.
5
Let h be 2 + 4/((-5)/((-110)/4)). What is the highest common divisor of 24 and h?
24
Let i be (-4)/((3 + -2)*-1). Suppose i*y - 62 = -22. What is the greatest common factor of y and 20?
10
Let i be 8/6*3/2. Suppose i*o = o + 10. Let v = o + 6. Calculate the greatest common divisor of v and 32.
16
Let f be -24*(-5)/(-20)*-2. Let j be (-4)/(1/6*-2). Calculate the greatest common factor of f and j.
12
Let q be ((-2)/8)/((-1)/20). Let d = -4 + q. What is the greatest common divisor of d and 3?
1
Let h be (0 + 1 + -3)*1. Let k be (-25)/2 - 1/h. Let i be 0 - (2 + -3 + k). Calculate the greatest common factor of i and 91.
13
Suppose 0 = -6*n + 14*n - 48. Calculate the highest common factor of 6 and n.
6
Let y = -195 - -375. What is the highest common divisor of y and 20?
20
Suppose 0 = 4*y - 10 - 54. Let j be y/(-64) + 17/4. Suppose 2*s - 9 = 3. Calculate the greatest common factor of j and s.
2
Let y(b) = -b**3 + 2*b**2 + 4*b + 1. Let w(u) = 3*u**3 + u - 1. Let l be w(1). Let v be y(l). What is the highest common divisor of 12 and v?
4
Let w(y) = -y**3 + 5*y**2 + y + 3. Let t be w(5). Suppose -4*f + 3*c = -t - 1, 0 = -5*f + 5*c + 5. What is the highest common factor of 18 and f?
6
Let a = 19 + -17. Suppose -a*l + 148 + 82 = 0. What is the highest common divisor of l and 23?
23
Let h(o) = -o**2 + o. Let a be h(-2). Let y = a + 5. Let z be y*17*-2 + -2. Calculate the highest common divisor of 4 and z.
4
Let d(r) = -2*r**3 + 11*r**2 + r - 3. Let m be d(5). Let o be (-109)/(-4) - (-3)/(-12). What is the highest common divisor of o and m?
27
Suppose 4*u - 2*i + 6*i = 60, 4*i = -2*u + 28. Calculate the highest common divisor of u and 4.
4
Suppose 5*z - 16 = 34. Let c = -13 + 13. Suppose c*u = 2*b + u - 1, 3*u + 1 = -2*b. Calculate the highest common factor of z and b.
1
Suppose 0 = 3*q - 5*q - c + 9, 0 = -5*q - 3*c + 22. Suppose -2*f - 8 = -0*f - 2*o, q*o = 0. Let u = f + 22. Calculate the highest common factor of 162 and u.
18
Let x(b) = b**2 - 4*b + 11. Let y(a) = a**2 - 5*a + 12. Let h(n) = 4*x(n) - 3*y(n). Let l be h(0). What is the greatest common divisor of 4 and l?
4
Let b(s) = -s**3 + 3*s**2 + 2*s + 2. Let p be b(3). Calculate the greatest common factor of p and 2.
2
Suppose 3*p - 20 = -8. Suppose -p*h + 29 = -15. Calculate the greatest common divisor of h and 11.
11
Suppose c - 48 = 4*q, -4*c + 173 - 33 = -3*q. Let o = c - 83. Let j = -36 - o. What is the greatest common factor of 30 and j?
15
Let o be ((-1)/(-2))/((-2)/20). Let i(p) = -3*p - 6. Let h be i(o). What is the highest common factor of h and 9?
9
Let q(p) = -54*p - 45. Let y be q(-5). Calculate the highest common divisor of 9 and y.
9
Suppose -5*b = -2*p + 3, 5*b - 67 = p - 4*p. What is the greatest common factor of 21 and p?
7
Suppose -3*y = -4*n + 118, -4*n + 0*y + 5*y + 122 = 0. What is the highest common factor of 84 and n?
28
Let s(g) = -317*g + 2. Let u be s(-1). What is the highest common divisor of 29 and u?
29
Let s = -47 + 73. Let t be -3*10/(-12)*130/25. What is the highest common factor of s and t?
13
Let s(i) = i**3 + 5*i**2 - 6*i - 6. Let v be s(-5). Let h be 5 - 6 - (v + 0). Let o = 35 + h. Calculate the greatest common divisor of 90 and o.
10
Let c be 726/(-21) - (-8)/14. Let y = c - -114. Let s(r) = 11*r**2 + r. Let b be s(-1). What is the greatest common divisor of b and y?
10
Let w = -33 + 61. Suppose 35*n + 66 = 41*n. Let r = w - n. Calculate the greatest common divisor of r and 153.
17
Suppose -n + 49 = -16. Calculate the highest common factor of n and 26.
13
Let t = 204 - 28. Calculate the highest common factor of t and 16.
16
Suppose -4*h + 110 = c, 2*c - 89 = c + 3*h. Calculate the highest common divisor of c and 14.
14
Let j(u) = -u**3 + 2*u**2 + 9*u. Let t be j(4). What is the greatest common divisor of 32 and t?
4
Suppose -5*t + 0*t = -100. Suppose 0 = 2*c - 5*z + 7 + 25, 5*z + 34 = -4*c. Let l = -6 - c. What is the greatest common factor of l and t?
5
Let d(g) = -g**2 + 19*g - 11. Let h be d(8). What is the highest common factor of h and 7?
7
Let i(p) be the second derivative of -p**5/20 + 5*p**4/6 - 5*p**3/3 + 5*p**2 + 2*p. Let a be i(9). Calculate the highest common factor of 2 and a.
1
Let r(h) = -11*h**2 - 2. Let m be r(5). Let t = -134 - m. Calculate the highest common factor of t and 13.
13
Let q = -25 + 18. Let s = q + 9. Suppose -4*z - 3*p + 7*p = -32, -5*z = -s*p - 31. What is the highest common factor of 1 and z?
1
Let j(y) = 5*y**2 - 6*y - 7. Let l be j(5). Suppose -14 = -4*a + 30. What is the highest common factor of a and l?
11
Let c(g) = 74*g - 1. Let o be c(2). Suppose 3*y = 39 + o. Suppose 2*w + 12 = y. What is the greatest common factor of w and 10?
5
Let d be 2/(-3) - (-115)/15. Let l be d + (-5)/((-5)/3). Suppose -z - 4*v + 30 = 0, -z + 5 = -2*v + v. Calculate the greatest common divisor of z and l.
10
Suppose 0 = 3*i + 9 - 36. What is the highest common divisor of i and 9?
9
Suppose -2*y - 24 = -5*y. Let m = y + -7. Suppose 14 = 3*d - m. What is the highest common divisor of 35 and d?
5
Suppose -b = -27 - 120. Let f = b + -35. Calculate the highest common divisor of f and 16.
16
Let u(o) = o**3 + 2 - 3 - 5*o + 0*o + 4*o**2 + 3. Let v be u(-5). Suppose -12 = -v*p + 4. What is the greatest common divisor of p and 2?
2
Suppose -5 + 1 = -v. Suppose 0*s - v*f + 46 = s, 0 = 2*f. Let q = s + 62. What is the greatest common divisor of q and 12?
12
Let d(j) = j + 24. Let u be d(-9). What is the greatest common factor of 10 and u?
5
Let n(a) = -a**3 - 4*a**2 - 1. Let x be n(-4). Let d be 0 + ((-1)/x - 4). Let l be (d/(-9))/(1/27). Calculate the greatest common factor of 81 and l.
9
Suppose 54*s - 40 = 50*s. Calculate the greatest common factor of s and 10.
10
Let n be 46*(1 + (-3 - -3)). Suppose c - n = 24. Calculate the highest common factor of 28 and c.
14
Suppose -c + 0 = 2. Let r be (5/(-5))/(c + 1). What is the highest common divisor of 9 and r?
1
Let j be 2/(-6)*-3 - (-1 - 16). Calculate the highest common divisor of 6 and j.
6
Suppose 5*t + 4*d - 22 = 5*d, d = 3*t - 14. Suppose 4*m - 388 = 4*k + 212, 0 = -t*m + 3*k + 597. What is the greatest common divisor of 21 and m?
21
Let j(y) = y**2 - 8*y + 3. Let n be j(8). Let g be 4 - (n + -4 - -1). What is the greatest common factor of 1 and g?
1
Suppose 10*x + 6*x - 160 = 0. What is the greatest common divisor of x and 30?
10
Let h = 9 - -25. Calculate the highest common divisor of h and 34.
34
Suppose 248 = -4*c + 8*c